{"id":854,"date":"2025-01-28T06:29:46","date_gmt":"2025-01-28T06:29:46","guid":{"rendered":"http:\/\/wordpress.solinger-vogelpark.de\/?page_id=854"},"modified":"2025-12-01T10:51:55","modified_gmt":"2025-12-01T10:51:55","slug":"herzenssache-vogelpark","status":"publish","type":"page","link":"http:\/\/wordpress.solinger-vogelpark.de\/?page_id=854","title":{"rendered":"Herzenssache Vogelpark"},"content":{"rendered":"\n<figure class=\"wp-block-image size-full\"><a href=\"http:\/\/wordpress.solinger-vogelpark.de\/wp-content\/uploads\/2025\/01\/logo-herzenssache_vogelpark-1.png\"><img loading=\"lazy\" decoding=\"async\" width=\"500\" height=\"464\" src=\"http:\/\/wordpress.solinger-vogelpark.de\/wp-content\/uploads\/2025\/01\/logo-herzenssache_vogelpark-1.png\" alt=\"\" class=\"wp-image-857\" srcset=\"http:\/\/wordpress.solinger-vogelpark.de\/wp-content\/uploads\/2025\/01\/logo-herzenssache_vogelpark-1.png 500w, http:\/\/wordpress.solinger-vogelpark.de\/wp-content\/uploads\/2025\/01\/logo-herzenssache_vogelpark-1-300x278.png 300w\" sizes=\"auto, (max-width: 500px) 100vw, 500px\" \/><\/a><\/figure>\n\n\n\n<p>Der Spendenaufruf \u201eHerzenssache Vogelpark\u201c startete im Dezember 2024, nachdem Mitglieder des Vogel- und Tierparks feststellten, dass die Sozialr\u00e4ume der Mitarbeiter dringend sanierungsbed\u00fcrftig sind. Die Sozialr\u00e4ume befinden sich in einem so maroden Geb\u00e4ude, dass schon alleine aus Kostengr\u00fcnden an einen Neubau zu denken ist. Der Vogelpark verf\u00fcgt \u00fcber ausreichend Fl\u00e4che, um dieses Vorhaben zu realisieren.<\/p>\n\n\n\n<p>Der Vogelpark, der sich allein aus den Eintrittsgeldern, Patenschaften f\u00fcr Tiere sowie Spenden finanziert, bedarf der  Unterst\u00fctzung von Vielen, wenn diese Einrichtung weiterhin f\u00fcr Kinder erhalten werden soll.<\/p>\n\n\n\n<figure class=\"wp-block-image size-full\"><a href=\"http:\/\/wordpress.solinger-vogelpark.de\/wp-content\/uploads\/2025\/01\/weihnachtsduerpel_2024.png\"><img loading=\"lazy\" decoding=\"async\" width=\"500\" height=\"746\" src=\"http:\/\/wordpress.solinger-vogelpark.de\/wp-content\/uploads\/2025\/01\/weihnachtsduerpel_2024.png\" alt=\"\" class=\"wp-image-859\" srcset=\"http:\/\/wordpress.solinger-vogelpark.de\/wp-content\/uploads\/2025\/01\/weihnachtsduerpel_2024.png 500w, http:\/\/wordpress.solinger-vogelpark.de\/wp-content\/uploads\/2025\/01\/weihnachtsduerpel_2024-201x300.png 201w\" sizes=\"auto, (max-width: 500px) 100vw, 500px\" \/><\/a><\/figure>\n\n\n\n<p><strong>Was bisher geschah:<\/strong><br>F\u00fcr Projekt Herzenssache Vogelpark wurden Spenden gesammelt und Lebekuchenherzen f\u00fcr jede Spende verschenkt.<br>Durch folgende Aktionen konnte dem Vogelpark eine Summe in H\u00f6he von <strong>7.130,01 Euro<\/strong> (Stand 18.11.2025) \u00fcbergeben werden:<\/p>\n\n\n\n<ul class=\"wp-block-list\">\n<li>Adventsmarkt im Vogelpark<\/li>\n\n\n\n<li>Weihnachtsd\u00fcrpel in Ohligs \u2013 am Stand der Ohligser Jongens<\/li>\n\n\n\n<li>Weihnachtsfeier der Ohligser Jongens<\/li>\n\n\n\n<li>Festveranstaltung der Senatoren Prinzengarde Blau Gelb<\/li>\n\n\n\n<li>Ostermarkt im Vogelpark<\/li>\n\n\n\n<li>Neujahrsempfang der Ohligser Jongens<\/li>\n<\/ul>\n\n\n\n<p><\/p>\n\n\n\n<p>Aktuell befinden wir uns im 1. Bauabschnitt <\/p>\n\n\n\n<p>1. Bauabschnitt: Trockenbau, Elektoinstallation, Aufbringen strapazierf\u00e4higer Kunststoffb\u00f6den, Fenster-Einbau, Anstrich, Lieferung der M\u00f6blierung (Tisch, 10 St\u00fchle, Schlafcouch, Schreibtisch, Schreibtischstuhl\u2026).<br><br>2. Bauabschnitt: R\u00e4umliche Trennung von K\u00fcche und Umkleide. Der Umkleidebereich soll neben dem Geb\u00e4ude der Toiletten und Dusche entstehen.<br><br>3. Bauabschnitt: Pflasterarbeiten im Eingangsbereich der Mitarbeiter Sozial-R\u00e4ume.<\/p>\n","protected":false},"excerpt":{"rendered":"<p>Der Spendenaufruf \u201eHerzenssache Vogelpark\u201c startete im Dezember 2024, nachdem Mitglieder des Vogel- und Tierparks feststellten, dass die Sozialr\u00e4ume der Mitarbeiter dringend sanierungsbed\u00fcrftig sind. Die Sozialr\u00e4ume &hellip; <\/p>\n","protected":false},"author":1,"featured_media":0,"parent":0,"menu_order":0,"comment_status":"closed","ping_status":"closed","template":"","meta":{"footnotes":""},"class_list":["post-854","page","type-page","status-publish","hentry"],"_links":{"self":[{"href":"http:\/\/wordpress.solinger-vogelpark.de\/index.php?rest_route=\/wp\/v2\/pages\/854","targetHints":{"allow":["GET"]}}],"collection":[{"href":"http:\/\/wordpress.solinger-vogelpark.de\/index.php?rest_route=\/wp\/v2\/pages"}],"about":[{"href":"http:\/\/wordpress.solinger-vogelpark.de\/index.php?rest_route=\/wp\/v2\/types\/page"}],"author":[{"embeddable":true,"href":"http:\/\/wordpress.solinger-vogelpark.de\/index.php?rest_route=\/wp\/v2\/users\/1"}],"replies":[{"embeddable":true,"href":"http:\/\/wordpress.solinger-vogelpark.de\/index.php?rest_route=%2Fwp%2Fv2%2Fcomments&post=854"}],"version-history":[{"count":8,"href":"http:\/\/wordpress.solinger-vogelpark.de\/index.php?rest_route=\/wp\/v2\/pages\/854\/revisions"}],"predecessor-version":[{"id":903,"href":"http:\/\/wordpress.solinger-vogelpark.de\/index.php?rest_route=\/wp\/v2\/pages\/854\/revisions\/903"}],"wp:attachment":[{"href":"http:\/\/wordpress.solinger-vogelpark.de\/index.php?rest_route=%2Fwp%2Fv2%2Fmedia&parent=854"}],"curies":[{"name":"wp","href":"https:\/\/api.w.org\/{rel}","templated":true}]}}

<figure class="wp-block-image size-full"><a href="http://wordpress.solinger-vogelpark.de/wp-content/uploads/2025/01/logo-herzenssache_vogelpark-1.png"><img loading="lazy" decoding="async" width="500" height="464" src="http://wordpress.solinger-vogelpark.de/wp-content/uploads/2025/01/logo-herzenssache_vogelpark-1.png" alt="" class="wp-image-857" srcset="http://wordpress.solinger-vogelpark.de/wp-content/uploads/2025/01/logo-herzenssache_vogelpark-1.png 500w, http://wordpress.solinger-vogelpark.de/wp-content/uploads/2025/01/logo-herzenssache_vogelpark-1-300x278.png 300w" sizes="auto, (max-width: 500px) 100vw, 500px" /></a></figure>



<p>Der Spendenaufruf „Herzenssache Vogelpark“ startete im Dezember 2024, nachdem Mitglieder des Vogel- und Tierparks feststellten, dass die Sozialräume der Mitarbeiter dringend sanierungsbedürftig sind. Die Sozialräume befinden sich in einem so maroden Gebäude, dass schon alleine aus Kostengründen an einen Neubau zu denken ist. Der Vogelpark verfügt über ausreichend Fläche, um dieses Vorhaben zu realisieren.</p>



<p>Der Vogelpark, der sich allein aus den Eintrittsgeldern, Patenschaften für Tiere sowie Spenden finanziert, bedarf der  Unterstützung von Vielen, wenn diese Einrichtung weiterhin für Kinder erhalten werden soll.</p>



<figure class="wp-block-image size-full"><a href="http://wordpress.solinger-vogelpark.de/wp-content/uploads/2025/01/weihnachtsduerpel_2024.png"><img loading="lazy" decoding="async" width="500" height="746" src="http://wordpress.solinger-vogelpark.de/wp-content/uploads/2025/01/weihnachtsduerpel_2024.png" alt="" class="wp-image-859" srcset="http://wordpress.solinger-vogelpark.de/wp-content/uploads/2025/01/weihnachtsduerpel_2024.png 500w, http://wordpress.solinger-vogelpark.de/wp-content/uploads/2025/01/weihnachtsduerpel_2024-201x300.png 201w" sizes="auto, (max-width: 500px) 100vw, 500px" /></a></figure>



<p><strong>Was bisher geschah:</strong><br>Für Projekt Herzenssache Vogelpark wurden Spenden gesammelt und Lebekuchenherzen für jede Spende verschenkt.<br>Durch folgende Aktionen konnte dem Vogelpark eine Summe in Höhe von <strong>7.130,01 Euro</strong> (Stand 18.11.2025) übergeben werden:</p>



<ul class="wp-block-list">
<li>Adventsmarkt im Vogelpark</li>



<li>Weihnachtsdürpel in Ohligs – am Stand der Ohligser Jongens</li>



<li>Weihnachtsfeier der Ohligser Jongens</li>



<li>Festveranstaltung der Senatoren Prinzengarde Blau Gelb</li>



<li>Ostermarkt im Vogelpark</li>



<li>Neujahrsempfang der Ohligser Jongens</li>
</ul>



<p></p>



<p>Aktuell befinden wir uns im 1. Bauabschnitt </p>



<p>1. Bauabschnitt: Trockenbau, Elektoinstallation, Aufbringen strapazierfähiger Kunststoffböden, Fenster-Einbau, Anstrich, Lieferung der Möblierung (Tisch, 10 Stühle, Schlafcouch, Schreibtisch, Schreibtischstuhl…).<br><br>2. Bauabschnitt: Räumliche Trennung von Küche und Umkleide. Der Umkleidebereich soll neben dem Gebäude der Toiletten und Dusche entstehen.<br><br>3. Bauabschnitt: Pflasterarbeiten im Eingangsbereich der Mitarbeiter Sozial-Räume.</p>

<p>Der Spendenaufruf „Herzenssache Vogelpark“ startete im Dezember 2024, nachdem Mitglieder des Vogel- und Tierparks feststellten, dass die Sozialräume der Mitarbeiter dringend sanierungsbedürftig sind. Die Sozialräume &hellip; </p>
