{"id":29,"date":"2014-06-04T07:28:26","date_gmt":"2014-06-04T07:28:26","guid":{"rendered":"http:\/\/wordpress.solinger-vogelpark.de\/?page_id=29"},"modified":"2026-03-30T16:20:33","modified_gmt":"2026-03-30T16:20:33","slug":"preise","status":"publish","type":"page","link":"http:\/\/wordpress.solinger-vogelpark.de\/?page_id=29","title":{"rendered":"Preise und \u00d6ffnungszeiten"},"content":{"rendered":"\n<p><strong>Unsere Preise<\/strong><br \/>Erwachsene (ab 16 Jahre): 7,00 Euro<br \/>Kinder (3-15 Jahre): 3,50 Euro<br \/>Sch\u00fcler, Studenten, Rentner, Schwerbehinderte (Ausweis): 5,50 Euro<br \/>Schwerbehinderte mit Ausweis ab 80% (Betreuer bei Kennzeichnung &#8222;B&#8220; frei!): 5,50 Euro<br \/>Hund: 0,50 Euro<br \/>Kinder unter 3 Jahren und Geburtstagskinder: Eintritt frei<\/p>\n\n\n\n<p><strong>Bezahlung mit EC-Karte erst ab einem Wert von 45,00 Euro m\u00f6glich.<\/strong><\/p>\n\n\n\n<p><strong>Gruppenerm\u00e4\u00dfigung ab 12 Personen<\/strong><br \/>Erwachsene (ab 16 Jahre): 6,50 Euro<br \/>Kinder (3 &#8211; 15 Jahre): 3,00 Euro<br \/>Sch\u00fcler, Studenten, Rentner, Schwerbehinderte (Ausweis): 4,50 Euro<\/p>\n\n\n\n<p><strong>Solingen-Pass<\/strong><br \/>Erwachsene (ab 16 Jahre): 6,00 Euro<br \/>Kinder (3 &#8211; 15 Jahre): 2,50 Euro<\/p>\n\n\n\n<p><strong>Jahreskarten (g\u00fcltig ab Ausstellung f\u00fcr 1 Jahr)<\/strong><br \/>Familien-Jahreskarte (maximal 2 Erw. und 3 Kinder): 85,00 Euro<br \/>Einzel-Jahreskarte f\u00fcr Erwachsene: 55,00 Euro<br \/>Einzel-Jahreskarte f\u00fcr Kinder: 30,00 Euro<\/p>\n\n\n\n<p><strong>Wichtiger Hinweis: Die Jahreskarten sind nicht \u00fcbertragbar!<\/strong><\/p>\n\n\n\n<p><meta charset=\"UTF-8\" \/><\/p>\n\n\n\n<h2 class=\"wp-block-heading has-text-align-left s9\"><span class=\"s8\" style=\"line-height: 19.200001px; font-weight: bold; font-size: 16px\"><span class=\"bumpedFont15\" style=\"line-height: 28.799999px; font-size: 1.5em\"><strong>Angebote f\u00fcr Gruppen nach Voranmeldung<\/strong><\/span><\/span><\/h2>\n\n\n\n<p style=\"font-size:0px\">F\u00fchrungen (Dauer etwa 60)&nbsp; &nbsp; &nbsp; 40,00\u20ac plus Eintrittspreis<\/p>\n\n\n\n<p class=\"has-text-align-left s5\"><strong>F\u00fchrungen<\/strong> (Dauer ca. 60 Minuten): 40 \u20ac plus Eintrittspreis<\/p>\n\n\n\n<ul class=\"wp-block-list\">\n<li>inklusive etwas Tierfutter<\/li>\n\n\n\n<li>wenn gew\u00fcnscht auch mit Themenschwerpunkt<\/li>\n\n\n\n<li>sonst eine bunte Reise um die Welt<\/li>\n\n\n\n<li>geeignet f\u00fcr Kinder ab 4 Jahren, nach oben keine Grenze<\/li>\n<\/ul>\n\n\n\n<p><\/p>\n\n\n\n<p class=\"has-text-align-left s5\"><strong>Sonderf\u00fctterungen f\u00fcr maximal 4 Personen<\/strong> (Dauer ca. 45 Minuten): 60 \u20ac plus Eintrittspreis<br \/><br \/>Haben Sie ein Tier im Vogelpark besonders ins Herz geschlossen und m\u00f6chten diesem etwas&nbsp;n\u00e4herkommen. Dann sprechen Sie uns an. Vieles ist m\u00f6glich.<br \/><br \/>Zum Beispiel: Waschb\u00e4ren, Nasenb\u00e4ren, Stinktiere, Ponys, Kakadus und vieles mehr.<\/p>\n\n\n\n<p><\/p>\n\n\n\n<p>Preise f\u00fcr andere Aktionen erfragen Sie bitte am <a href=\"http:\/\/wordpress.solinger-vogelpark.de\/?page_id=38\">Kiosk<\/a>.<br> <br><br><strong>Unsere \u00d6ffnungszeiten<\/strong><br>Dezember, Januar und Februar: Dienstag &#8211; Sonntag 9.00-16.00 Uhr (montags geschlossen)<br>M\u00e4rz: Montag &#8211; Sonntag 9.00-17.00 Uhr<br>April bis Oktober: Montag &#8211; Sonntag 9.00-18.00 Uhr<br>November: Montag &#8211; Sonntag 9.00-17.00 Uhr<\/p>\n\n\n\n<p><b>Immer gilt:<\/b> Letzter Einlass 30 Minuten vor Schlie\u00dfung<\/p>\n\n\n\n<p><strong>Bitte beachten Sie:<\/strong><br \/>Am Kiosk im Park erhalten Sie Getr\u00e4nke, S\u00fc\u00dfigkeiten, Tierfutter und Andenken.<br \/>Dort k\u00f6nnen Sie auch den Eintrittspreis entrichten und auch die Besucherh\u00fctte f\u00fcr<br \/>Ihre private Feier buchen.<\/p>\n\n\n\n<p>F\u00fcr unsere hilfsbed\u00fcrftigen Besucher halten wir kostenlos Rollatoren und Rollst\u00fchle bereit.<br \/>Und f\u00fcr unsere kleinen G\u00e4ste gibt es einen super Spielplatz.<\/p>\n\n\n\n<p><strong>Das Mitbringen von Hunden ist (angeleint) gestattet.<\/strong><\/p>\n\n\n\n<figure class=\"wp-block-image\"><img decoding=\"async\" src=\"http:\/\/wordpress.solinger-vogelpark.de\/wp-content\/uploads\/2014\/07\/bearb_IMG_7141.jpg\" alt=\"Wildkatze\"\/><\/figure>\n\n\n\n<p><\/p>\n","protected":false},"excerpt":{"rendered":"<p>Unsere PreiseErwachsene (ab 16 Jahre): 7,00 EuroKinder (3-15 Jahre): 3,50 EuroSch\u00fcler, Studenten, Rentner, Schwerbehinderte (Ausweis): 5,50 EuroSchwerbehinderte mit Ausweis ab 80% (Betreuer bei Kennzeichnung &#8222;B&#8220; &hellip; <\/p>\n","protected":false},"author":1,"featured_media":0,"parent":0,"menu_order":0,"comment_status":"closed","ping_status":"closed","template":"","meta":{"footnotes":""},"class_list":["post-29","page","type-page","status-publish","hentry"],"_links":{"self":[{"href":"http:\/\/wordpress.solinger-vogelpark.de\/index.php?rest_route=\/wp\/v2\/pages\/29","targetHints":{"allow":["GET"]}}],"collection":[{"href":"http:\/\/wordpress.solinger-vogelpark.de\/index.php?rest_route=\/wp\/v2\/pages"}],"about":[{"href":"http:\/\/wordpress.solinger-vogelpark.de\/index.php?rest_route=\/wp\/v2\/types\/page"}],"author":[{"embeddable":true,"href":"http:\/\/wordpress.solinger-vogelpark.de\/index.php?rest_route=\/wp\/v2\/users\/1"}],"replies":[{"embeddable":true,"href":"http:\/\/wordpress.solinger-vogelpark.de\/index.php?rest_route=%2Fwp%2Fv2%2Fcomments&post=29"}],"version-history":[{"count":18,"href":"http:\/\/wordpress.solinger-vogelpark.de\/index.php?rest_route=\/wp\/v2\/pages\/29\/revisions"}],"predecessor-version":[{"id":958,"href":"http:\/\/wordpress.solinger-vogelpark.de\/index.php?rest_route=\/wp\/v2\/pages\/29\/revisions\/958"}],"wp:attachment":[{"href":"http:\/\/wordpress.solinger-vogelpark.de\/index.php?rest_route=%2Fwp%2Fv2%2Fmedia&parent=29"}],"curies":[{"name":"wp","href":"https:\/\/api.w.org\/{rel}","templated":true}]}}